{"id":66,"date":"2013-04-30T20:03:04","date_gmt":"2013-04-30T19:03:04","guid":{"rendered":"https:\/\/localhost:8888\/?page_id=66"},"modified":"2024-04-01T16:36:52","modified_gmt":"2024-04-01T14:36:52","slug":"osteopathie","status":"publish","type":"page","link":"https:\/\/pes-hautesalpes.fr\/gap\/osteopathie\/","title":{"rendered":"L&rsquo;Ost\u00e9opathie Energ\u00e9tique"},"content":{"rendered":"<div class=\"fusion-fullwidth fullwidth-box fusion-builder-row-1 nonhundred-percent-fullwidth non-hundred-percent-height-scrolling\" style=\"--awb-border-radius-top-left:0px;--awb-border-radius-top-right:0px;--awb-border-radius-bottom-right:0px;--awb-border-radius-bottom-left:0px;--awb-flex-wrap:wrap;\" ><div class=\"fusion-builder-row fusion-row\"><div class=\"fusion-layout-column fusion_builder_column fusion-builder-column-0 fusion_builder_column_1_1 1_1 fusion-one-full fusion-column-first fusion-column-last\" style=\"--awb-bg-size:cover;\"><div class=\"fusion-column-wrapper fusion-flex-column-wrapper-legacy\"><div class=\"fusion-title title fusion-title-1 fusion-title-center fusion-title-text fusion-title-size-one\" style=\"--awb-margin-top-small:10px;--awb-margin-right-small:0px;--awb-margin-bottom-small:10px;--awb-margin-left-small:0px;\"><div class=\"title-sep-container title-sep-container-left\"><div class=\"title-sep sep-double sep-solid\" style=\"border-color:#e0dede;\"><\/div><\/div><span class=\"awb-title-spacer\"><\/span><h1 class=\"fusion-title-heading title-heading-center fusion-responsive-typography-calculated\" style=\"margin:0;--fontSize:34;line-height:1.41;\">L&rsquo;Ost\u00e9opathie<\/h1><span class=\"awb-title-spacer\"><\/span><div class=\"title-sep-container title-sep-container-right\"><div class=\"title-sep sep-double sep-solid\" style=\"border-color:#e0dede;\"><\/div><\/div><\/div><div class=\"fusion-text fusion-text-1\"><p style=\"text-align: justify;\">Au P\u00f4le Equilibre &amp; Sant\u00e9 05, nous sommes d\u00e9di\u00e9s \u00e0 votre bien-\u00eatre et \u00e0 votre sant\u00e9. Nous croyons en une approche holistique qui prend en compte le corps dans sa totalit\u00e9 pour traiter les d\u00e9s\u00e9quilibres et favoriser la gu\u00e9rison naturelle.<\/p>\n<h3 style=\"text-align: justify;\"><b>Qu&rsquo;est-ce que l&rsquo;ost\u00e9opathie ?<\/b><\/h3>\n<p style=\"text-align: justify;\">L&rsquo;ost\u00e9opathie est une approche th\u00e9rapeutique qui repose sur le principe selon lequel le corps poss\u00e8de une capacit\u00e9 naturelle \u00e0 s&rsquo;auto-gu\u00e9rir. Cette pratique consid\u00e8re le corps comme un syst\u00e8me int\u00e9gr\u00e9, o\u00f9 chaque partie est interconnect\u00e9e et interd\u00e9pendante. Toute perturbation dans la structure ou la fonction du corps peut alors affecter sa capacit\u00e9 \u00e0 se r\u00e9tablir.<\/p>\n<h3 style=\"text-align: justify;\"><b>Principes de l&rsquo;ost\u00e9opathie :<\/b><\/h3>\n<ul style=\"text-align: justify;\">\n<li><b>Le corps comme une unit\u00e9 fonctionnelle :<\/b> L&rsquo;ost\u00e9opathie consid\u00e8re le corps dans sa globalit\u00e9, en reconnaissant que chaque partie est li\u00e9e et interagit avec les autres.<\/li>\n<li><b>Capacit\u00e9 d&rsquo;auto-gu\u00e9rison :<\/b> L&rsquo;ost\u00e9opathie stimule les m\u00e9canismes naturels de gu\u00e9rison du corps pour favoriser la r\u00e9cup\u00e9ration et le bien-\u00eatre.<\/li>\n<li><b>Structure et fonction sont interd\u00e9pendantes :<\/b> L&rsquo;ost\u00e9opathie cherche \u00e0 restaurer l&rsquo;\u00e9quilibre structurel du corps pour am\u00e9liorer sa fonctionnalit\u00e9 et sa sant\u00e9 globale.<\/li>\n<\/ul>\n<h3 style=\"text-align: justify;\"><b>Avantages de l&rsquo;ost\u00e9opathie :<\/b><\/h3>\n<ul style=\"text-align: justify;\">\n<li>Soulagement de la douleur<\/li>\n<li>Am\u00e9lioration de la mobilit\u00e9 et de la fonctionnalit\u00e9<\/li>\n<li>R\u00e9duction du stress et de la tension musculaire<\/li>\n<li>Promotion de la gu\u00e9rison naturelle du corps<\/li>\n<li>Pr\u00e9vention des blessures et des d\u00e9s\u00e9quilibres futurs<\/li>\n<\/ul>\n<h3 style=\"text-align: justify;\"><b>Pourquoi choisir l&rsquo;ost\u00e9opathie ?<\/b><\/h3>\n<p style=\"text-align: justify;\">L&rsquo;ost\u00e9opathie offre une approche douce, non invasive et holistique pour traiter une vari\u00e9t\u00e9 de conditions et de sympt\u00f4mes. Que vous souffriez de douleurs chroniques, de blessures sportives, de troubles musculo-squelettiques ou simplement de stress et de tension, l&rsquo;ost\u00e9opathie peut vous aider \u00e0 retrouver votre bien-\u00eatre et \u00e0 vivre pleinement votre vie.<\/p>\n<h3 style=\"text-align: justify;\"><b>Dans votre P\u00f4le Equilibre &amp; Sant\u00e9 05 :<span class=\"Apple-converted-space\">\u00a0<\/span><\/b><\/h3>\n<p style=\"text-align: justify;\">Chez P\u00f4le Equilibre &amp; Sant\u00e9 05, votre Ost\u00e9opathe est fermement convaincu que la cl\u00e9 d\u2019une sant\u00e9 durable r\u00e9side dans la combinaison d\u2019approches de soins compl\u00e9mentaires, qui respectent l\u2019individualit\u00e9 de chaque patient et stimulent le pouvoir naturel de gu\u00e9rison du corps. C\u2019est pourquoi, il a r\u00e9uni dans sa pratique quotidienne l\u2019Ost\u00e9opathie et la m\u00e9decine traditionnelle Chinoise. L&rsquo;association de ces deux pratiques offre une prise en charge globale et holistique qui prend en compte les aspects physiques, \u00e9motionnels et \u00e9nerg\u00e9tiques de la sant\u00e9, offrant ainsi \u00e0 nos patients une exp\u00e9rience th\u00e9rapeutique extraordinaire et compl\u00e8te.<\/p>\n<p style=\"text-align: justify;\">Chez P\u00f4le Equilibre &amp; Sant\u00e9 05, nous sommes l\u00e0 pour vous accompagner dans votre parcours vers la sant\u00e9 et le bien-\u00eatre optimal. Contactez-nous d\u00e8s aujourd&rsquo;hui pour planifier votre consultation et d\u00e9couvrir les nombreux avantages de l&rsquo;ost\u00e9opathie.<\/p>\n<\/div><div class=\"fusion-clearfix\"><\/div><\/div><\/div><\/div><\/div>\n","protected":false},"excerpt":{"rendered":"","protected":false},"author":1,"featured_media":0,"parent":0,"menu_order":0,"comment_status":"open","ping_status":"open","template":"","meta":{"_seopress_robots_primary_cat":"","_seopress_titles_title":"","_seopress_titles_desc":"","_seopress_robots_index":"","footnotes":""},"class_list":["post-66","page","type-page","status-publish","hentry"],"_links":{"self":[{"href":"https:\/\/pes-hautesalpes.fr\/gap\/wp-json\/wp\/v2\/pages\/66","targetHints":{"allow":["GET"]}}],"collection":[{"href":"https:\/\/pes-hautesalpes.fr\/gap\/wp-json\/wp\/v2\/pages"}],"about":[{"href":"https:\/\/pes-hautesalpes.fr\/gap\/wp-json\/wp\/v2\/types\/page"}],"author":[{"embeddable":true,"href":"https:\/\/pes-hautesalpes.fr\/gap\/wp-json\/wp\/v2\/users\/1"}],"replies":[{"embeddable":true,"href":"https:\/\/pes-hautesalpes.fr\/gap\/wp-json\/wp\/v2\/comments?post=66"}],"version-history":[{"count":4,"href":"https:\/\/pes-hautesalpes.fr\/gap\/wp-json\/wp\/v2\/pages\/66\/revisions"}],"predecessor-version":[{"id":1658,"href":"https:\/\/pes-hautesalpes.fr\/gap\/wp-json\/wp\/v2\/pages\/66\/revisions\/1658"}],"wp:attachment":[{"href":"https:\/\/pes-hautesalpes.fr\/gap\/wp-json\/wp\/v2\/media?parent=66"}],"curies":[{"name":"wp","href":"https:\/\/api.w.org\/{rel}","templated":true}]}}