{"id":1666,"date":"2024-04-01T16:47:18","date_gmt":"2024-04-01T14:47:18","guid":{"rendered":"https:\/\/pes-hautesalpes.fr\/gap\/?page_id=1666"},"modified":"2024-04-01T16:47:18","modified_gmt":"2024-04-01T14:47:18","slug":"energetique-chinoise","status":"publish","type":"page","link":"https:\/\/pes-hautesalpes.fr\/gap\/energetique-chinoise\/","title":{"rendered":"Energ\u00e9tique Chinoise"},"content":{"rendered":"<div class=\"fusion-fullwidth fullwidth-box fusion-builder-row-1 nonhundred-percent-fullwidth non-hundred-percent-height-scrolling\" style=\"--awb-border-radius-top-left:0px;--awb-border-radius-top-right:0px;--awb-border-radius-bottom-right:0px;--awb-border-radius-bottom-left:0px;--awb-flex-wrap:wrap;\" ><div class=\"fusion-builder-row fusion-row\"><div class=\"fusion-layout-column fusion_builder_column fusion-builder-column-0 fusion_builder_column_1_1 1_1 fusion-one-full fusion-column-first fusion-column-last\" style=\"--awb-bg-size:cover;\"><div class=\"fusion-column-wrapper fusion-flex-column-wrapper-legacy\"><div class=\"fusion-title title fusion-title-1 fusion-title-center fusion-title-text fusion-title-size-one\" style=\"--awb-margin-top-small:10px;--awb-margin-right-small:0px;--awb-margin-bottom-small:10px;--awb-margin-left-small:0px;\"><div class=\"title-sep-container title-sep-container-left\"><div class=\"title-sep sep-double sep-solid\" style=\"border-color:#e0dede;\"><\/div><\/div><span class=\"awb-title-spacer\"><\/span><h1 class=\"fusion-title-heading title-heading-center fusion-responsive-typography-calculated\" style=\"margin:0;--fontSize:34;line-height:1.41;\">\u00c9nerg\u00e9tique Chinoise<\/h1><span class=\"awb-title-spacer\"><\/span><div class=\"title-sep-container title-sep-container-right\"><div class=\"title-sep sep-double sep-solid\" style=\"border-color:#e0dede;\"><\/div><\/div><\/div><div class=\"fusion-text fusion-text-1\"><p style=\"text-align: justify;\">Au P\u00f4le Equilibre &amp; Sant\u00e9 05, nous sommes passionn\u00e9s par la m\u00e9decine traditionnelle chinoise (MTC), une discipline ancienne qui offre une perspective unique sur la sant\u00e9 et le corps humain.<\/p>\n<h3 style=\"text-align: justify;\"><b>Qu&rsquo;est-ce que la m\u00e9decine traditionnelle chinoise ?<\/b><\/h3>\n<p style=\"text-align: justify;\">La m\u00e9decine chinoise est un syst\u00e8me de sant\u00e9 holistique qui consid\u00e8re le corps humain comme un ensemble interconnect\u00e9. Elle se concentre sur la th\u00e9rapeutique globale en prenant en charge diff\u00e9rents niveaux de traitement, physique, psychique ou \u00e9motionnel. Fond\u00e9e sur des milliers d&rsquo;ann\u00e9es de tradition, elle vise \u00e0 restaurer l&rsquo;\u00e9quilibre et l&rsquo;harmonie dans le corps pour favoriser la sant\u00e9 globale.<\/p>\n<p style=\"text-align: justify;\">En mettant l&rsquo;accent sur la pr\u00e9vention et le r\u00e9tablissement de l&rsquo;harmonie interne, la m\u00e9decine chinoise offre une approche compl\u00e8te et \u00e9quilibr\u00e9e de la sant\u00e9, prenant en compte l&rsquo;ensemble de l&rsquo;individu pour favoriser le bien-\u00eatre g\u00e9n\u00e9ral.<\/p>\n<h3 style=\"text-align: justify;\"><b>Principes fondamentaux de la m\u00e9decine traditionnelle chinoise :<\/b><\/h3>\n<ul style=\"text-align: justify;\">\n<li><b> Le Qi (\u00e9nergie vitale) :<\/b> Le Qi circule \u00e0 travers le corps via des m\u00e9ridiens, nourrissant et r\u00e9gulant les fonctions des organes et des syst\u00e8mes.<\/li>\n<li><b> Le Yin et le Yang :<\/b> Le Yin et le Yang repr\u00e9sentent les forces oppos\u00e9es mais compl\u00e9mentaires de l&rsquo;univers. Un \u00e9quilibre harmonieux entre ces forces est essentiel pour maintenir la sant\u00e9.<\/li>\n<li><b> Les Cinq \u00c9l\u00e9ments :<\/b> Chaque \u00e9l\u00e9ment est associ\u00e9 \u00e0 des organes sp\u00e9cifiques et \u00e0 des aspects de la sant\u00e9, et interagit avec les autres \u00e9l\u00e9ments pour maintenir l\u2019harmonie.<\/li>\n<\/ul>\n<h3 style=\"text-align: justify;\"><b>Techniques couramment utilis\u00e9es :<\/b><\/h3>\n<p style=\"text-align: justify;\">Les praticiens de la m\u00e9decine chinoise utilisent diff\u00e9rentes techniques telles que l&rsquo;acupuncture, la moxibustion, le Tui Na et des herbes m\u00e9dicinales pour r\u00e9tablir le flux harmonieux du Qi et traiter les probl\u00e8mes \u00e0 la fois physiques et \u00e9motionnels.<\/p>\n<ul style=\"text-align: justify;\">\n<li><b>Acupuncture :<\/b> L&rsquo;acupuncture consiste \u00e0 ins\u00e9rer de fines aiguilles dans des points sp\u00e9cifiques le long des m\u00e9ridiens pour r\u00e9tablir le flux d&rsquo;\u00e9nergie et soulager les d\u00e9s\u00e9quilibres. De nombreuses techniques, mise en place au cabinet et \u00e9galement tr\u00e8s efficaces, sont couramment utilis\u00e9es pour le traitement des points d\u2019acupuncture <b>sans l\u2019utilisation d\u2019aiguilles<\/b>.<\/li>\n<li><b>Moxibustion :<\/b> La moxibustion implique l&rsquo;utilisation de chaleur \u00e0 base d\u2019armoise s\u00e9ch\u00e9e pr\u00e8s des points d&rsquo;acupuncture pour stimuler la circulation de l&rsquo;\u00e9nergie.<\/li>\n<li><b>Herboristerie :<\/b> Les herbes m\u00e9dicinales sont prescrites pour traiter une grande vari\u00e9t\u00e9 de pathologies en fonction des principes de la MTC.<\/li>\n<li><b>Techniques de Tui Na :<\/b> Le massage Tui Na utilise des techniques de pression et de manipulation pour stimuler les points d&rsquo;acupuncture et rel\u00e2cher les tensions musculaires.<\/li>\n<\/ul>\n<h3 style=\"text-align: justify;\"><b>Pourquoi choisir la m\u00e9decine traditionnelle chinoise ?<\/b><\/h3>\n<ul style=\"text-align: justify;\">\n<li><b>Une approche holistique :<\/b> La MTC consid\u00e8re le corps, l&rsquo;esprit et l&rsquo;\u00e9nergie comme un tout interconnect\u00e9, offrant ainsi une approche holistique de la sant\u00e9.<\/li>\n<li><b>Pr\u00e9vention et traitement :<\/b> En identifiant et en traitant les d\u00e9s\u00e9quilibres \u00e9nerg\u00e9tiques avant qu&rsquo;ils ne deviennent des probl\u00e8mes majeurs, la MTC favorise la pr\u00e9vention des maladies et le maintien de la sant\u00e9.<\/li>\n<li><b>S\u00e9curit\u00e9 et efficacit\u00e9 :<\/b> La MTC est une pratique s\u00fbre et efficace, ayant fait ses preuves au fil des si\u00e8cles pour traiter une grande vari\u00e9t\u00e9 de conditions de mani\u00e8re naturelle.<\/li>\n<\/ul>\n<h3 style=\"text-align: justify;\"><b>La m\u00e9decine traditionnelle chinoise en compl\u00e9ment de l&rsquo;ost\u00e9opathie<\/b><\/h3>\n<p style=\"text-align: justify;\">Au P\u00f4le Equilibre &amp; Sant\u00e9 05, nous croyons en une approche int\u00e9grative de la sant\u00e9. La m\u00e9decine traditionnelle chinoise s&rsquo;associe harmonieusement \u00e0 l&rsquo;ost\u00e9opathie pour offrir une prise en charge globale et compl\u00e8te de votre bien-\u00eatre. Cette combinaison unique permet de traiter les d\u00e9s\u00e9quilibres physiques, \u00e9nerg\u00e9tiques et \u00e9motionnels, offrant ainsi \u00e0 nos patients une exp\u00e9rience th\u00e9rapeutique enrichissante et holistique.<\/p>\n<p style=\"text-align: justify;\">Explorez les bienfaits de la m\u00e9decine traditionnelle chinoise.Contactez-nous d\u00e8s aujourd&rsquo;hui pour planifier votre consultation et commencez votre voyage vers une sant\u00e9 optimale !<\/p>\n<\/div><div class=\"fusion-clearfix\"><\/div><\/div><\/div><\/div><\/div>\n","protected":false},"excerpt":{"rendered":"","protected":false},"author":1,"featured_media":0,"parent":0,"menu_order":0,"comment_status":"closed","ping_status":"closed","template":"","meta":{"_seopress_robots_primary_cat":"","_seopress_titles_title":"","_seopress_titles_desc":"","_seopress_robots_index":"","footnotes":""},"class_list":["post-1666","page","type-page","status-publish","hentry"],"_links":{"self":[{"href":"https:\/\/pes-hautesalpes.fr\/gap\/wp-json\/wp\/v2\/pages\/1666","targetHints":{"allow":["GET"]}}],"collection":[{"href":"https:\/\/pes-hautesalpes.fr\/gap\/wp-json\/wp\/v2\/pages"}],"about":[{"href":"https:\/\/pes-hautesalpes.fr\/gap\/wp-json\/wp\/v2\/types\/page"}],"author":[{"embeddable":true,"href":"https:\/\/pes-hautesalpes.fr\/gap\/wp-json\/wp\/v2\/users\/1"}],"replies":[{"embeddable":true,"href":"https:\/\/pes-hautesalpes.fr\/gap\/wp-json\/wp\/v2\/comments?post=1666"}],"version-history":[{"count":1,"href":"https:\/\/pes-hautesalpes.fr\/gap\/wp-json\/wp\/v2\/pages\/1666\/revisions"}],"predecessor-version":[{"id":1667,"href":"https:\/\/pes-hautesalpes.fr\/gap\/wp-json\/wp\/v2\/pages\/1666\/revisions\/1667"}],"wp:attachment":[{"href":"https:\/\/pes-hautesalpes.fr\/gap\/wp-json\/wp\/v2\/media?parent=1666"}],"curies":[{"name":"wp","href":"https:\/\/api.w.org\/{rel}","templated":true}]}}